g**2 + g + 3. Let v(j) = 5*f(j) - 2*t(j). Let q(x) = -2*m(x) - 5*v(x). What is q(2)?
9
Let z(s) be the third derivative of -s**5/5 - s**3/3 + 2*s**2 + 932*s. What is z(1)?
-14
Let t(i) be the third derivative of -i**5/60 - 25*i**4/24 + i**3/3 + 1751*i**2. What is t(-25)?
2
Let f(q) = -11*q. Let n(p) = 15*p**2 + 5*p + 43. Let m be n(-4). Suppose -m*x + 259*x = -4. Determine f(x).
-11
Let m(b) = -34 + 101*b + b**3 + 110*b - 21*b**2 - 189*b. Let a be m(20). Let y(h) = -4*h + 11. Let u(x) = -2*x + 6. Let g(t) = -5*u(t) + 2*y(t). What is g(a)?
4
Suppose 2*f = -f + 4*c - 15, -5*f + 2*c - 39 = 0. Let h be f*(((-21)/9 - -4) + -2). Let x(r) = 14 - 13 + r - h*r. Determine x(-3).
7
Suppose -1137 = -8*q + 575. Suppose -2*o = -2*y - q, -y - 422 = -5*o + 109. Let n(u) = 108*u + 1 - 1 - o*u. Calculate n(-3).
-6
Let g(x) = -x**3 - 4*x**2 + 19*x - 14. Let f be g(-7). Suppose 0 = y + 3 - 8. Let i(p) = -2 + y - 4 + 2 - p. Calculate i(f).
1
Let z(w) be the second derivative of 7*w - 1/6*w**4 - 3 + 1/20*w**5 + 0*w**3 - 1/2*w**2. What is z(2)?
-1
Let r(g) = -13*g - 284. Let l(n) = 3*n + 69. Let s(h) = 25*l(h) + 6*r(h). Give s(19).
-36
Let w(g) = -3*g + 3. Let u(r) = -22*r + 26. Let k(s) = 3*u(s) - 21*w(s). Determine k(-3).
24
Let a(g) = -28*g + 39. Let h(d) = -d**2 + 17*d - 62. Let m be h(10). Let j(r) = 18*r - 25. Let k(p) = m*j(p) + 5*a(p). What is k(2)?
3
Let m(g) = -4*g + 2*g - 18 + 4*g. Suppose -265 + 40 = -5*c. Suppose -15 = -5*b, 3*i + 2*b = -b + c. Give m(i).
6
Let b(p) = -44*p**3 - p**2 - 32*p - 1. Let q(x) = -9*x**3 - 6*x. Let o(n) = -2*b(n) + 11*q(n). What is o(2)?
-82
Let l(m) be the second derivative of m**4/3 - 53*m**3/6 - 37*m**2/2 - 6790*m. What is l(14)?
5
Let r(y) = -28 + 14 + 5*y - 2*y - 5*y + 9. Determine r(-8).
11
Let w(y) = -y**2 - 3*y + 19. Suppose 15*c = 279 - 369. Calculate w(c).
1
Let o be (0 + 12/9)*(8 + -2). Suppose w = -o + 10. Let x be (-3 + w)*-3 - 1. Let j(q) = -3*q**2 + q - 2. Give j(x).
-12
Let m(k) = k + 10. Let o(f) = -f - 11. Let h be (-15)/9*(-15 - -18). Let a(c) = h*o(c) - 4*m(c). Determine a(-11).
4
Let x(d) = -7*d**2 - 15*d + 6*d + 243 + 22*d**2 - 100 + d**3 - 115. Determine x(-16).
-84
Let k(r) = -r - 35 - 8*r**2 - 16 + 52. Give k(1).
-8
Suppose -3*k + 26 - 59 = 0. Let p(a) = -a - 34. Let y(g) = -2*g - 64. Let r(t) = k*p(t) + 6*y(t). Calculate r(-9).
-1
Let v(a) be the third derivative of 0*a + 1/15*a**5 - 1/120*a**6 - 1/24*a**4 - 16*a**2 + 0 + 2/3*a**3. Give v(5).
-26
Let p(h) be the first derivative of h**5/20 - 3*h**4/4 + 3*h**3/2 - 4*h**2 - 137*h + 20. Let y(d) be the first derivative of p(d). Determine y(8).
0
Let l = -324 + 193. Let g = 128 + l. Let a(y) = -3*y - 9. Calculate a(g).
0
Let s(g) = -g - 14. Let v(k) = 7*k + 70. Let y(f) = -11*s(f) - 2*v(f). What is y(10)?
-16
Suppose -5*w - 18 = i, -w + 4 = -0*w + 4*i. Let v(o) = 8*o**2 + 159*o + 34. Let s(y) = -2*y**2 - 42*y - 9. Let z(p) = -15*s(p) - 4*v(p). Calculate z(w).
-9
Let q(h) = -3*h**3 - 12*h**2 - 21*h - 15. Let b(p) = -7*p**3 - 25*p**2 - 42*p - 34. Let u(x) = 2*b(x) - 5*q(x). What is u(-3)?
7
Suppose -16*t = -7*t - 72. Suppose 0 = -3*m + 9, 0*w - 4*m + t = w. Let v(y) = 3*y - 3. Determine v(w).
-15
Let m(p) = 5*p**2 + 11*p + 9. Let w(o) = 12*o**2 + 22*o + 18. Let c = 500 - 493. Let f(n) = c*m(n) - 3*w(n). Give f(11).
9
Let h(b) = -b**3 + 3*b**2 + 6*b - 1. Let v = 444 + -258. Let o = v + -182. Give h(o).
7
Suppose c = -48 + 5. Let p = 51 + c. Let m(d) be the third derivative of d**4/12 - 2*d**3 - 10*d**2. What is m(p)?
4
Let a(z) = 7*z**2 + 4*z**2 - 7 + 4*z + z**3 - 4*z**2. Suppose 16 = -2*u + 14. Let p be 0 + (2 + u)*-6. Determine a(p).
5
Let m(p) be the third derivative of p**4/24 - 3*p**3 - 2*p**2 + 6069*p. Calculate m(8).
-10
Suppose 68 = 3*w + 134. Let v(n) = -n**3 - 23*n**2 - 23*n - 28. Give v(w).
-6
Let g(k) be the second derivative of -35*k**3/6 + 37*k**2/2 + 576*k. Calculate g(1).
2
Let p = -13103 + 13113. Let v(u) = 9*u - 103. Determine v(p).
-13
Suppose -1 = 2*i - 15. Let k(m) = -36 - i*m**2 + 19 + m + 22. Let o(g) = 8*g**2 - g - 6. Let b(u) = 5*k(u) + 4*o(u). What is b(-1)?
-3
Let s be (-6)/(-27) + 48/27. Let q(z) = -22*z**3 - z**s + 12*z**3 - 4*z - 1 + 11*z**3. Calculate q(3).
5
Let j(x) = 3 + 1 + 2 - x - 5. Let g be 49/833 + (-35)/17. Give j(g).
3
Let i = -2232 + 2220. Let r(q) = -q**3 - 11*q**2 + 7*q - 23. Calculate r(i).
37
Let z(n) = -n - 5. Let j(d) be the third derivative of -13*d**4/24 + 61*d**3/6 - 19*d**2. Let p be j(5). Calculate z(p).
-1
Let q(d) = -d**3 + 11*d**2 - 9. Let x be q(12). Let j = -77 - x. Let s(u) = 77*u - 1 - j*u + 1. Determine s(6).
6
Let y(j) = 24*j**3 + 76*j**2 + 3*j + 132. Let l(i) = -17*i**3 - 51*i**2 - 2*i - 88. Let f(v) = -7*l(v) - 5*y(v). Determine f(-23).
-21
Let d(b) = -5*b + 4 + 0*b + 3*b**2 + 931*b**3 - 919*b**3. Calculate d(2).
102
Let v(z) be the first derivative of 1/3*z**3 + 5/2*z**2 + 117 + z. Calculate v(-4).
-3
Suppose 5 = 3*b - 43. Let i(f) = -f**3 + 17*f**2 - 20*f + 51. Let x be i(b). Let w(q) = -q - 10. Calculate w(x).
3
Let h(n) = n**3 + 3*n**2 - 2*n + 3. Let v(y) = 5*y - 150 - 79 + 76. Let l be v(31). Give h(l).
19
Let i = -1578 + 1553. Let h(l) = l**3 + 23*l**2 - 53*l - 77. Calculate h(i).
-2
Let f(t) = t**2 - 4*t - 34. Suppose 47 = -3*x + 71. Let d be f(x). Let p(h) be the third derivative of h**4/12 + h**3/6 + 2*h**2. What is p(d)?
-3
Let b = 14 + -6. Suppose -5*r - 12 = -b*r. Suppose v + 4*o = -23, r*v + o + 12 = 5*o. Let y(l) = l**2 + 8*l + 9. Determine y(v).
2
Let z(u) = -u**3 - 20*u**2 + 43*u - 27. Let t(p) = -4*p**3 - p**2 - 3*p. Let w be t(-3). Let k = w + -130. Let s be z(k). Let g(l) = -l - 2. Calculate g(s).
3
Suppose -3*h + 5*h + 12 = -4*r, -3*h = -5*r - 15. Let y(u) be the third derivative of u**6/120 + u**5/20 - u**4/12 - u**3/3 - 104*u**2 - 2*u. Determine y(r).
4
Suppose 0 = -4*p + 9 - 13. Let c be ((-5)/15)/(p/27). Let i(u) = u**2 - c*u**2 - 36 + 2*u + 37. Determine i(-1).
-9
Let q(k) be the second derivative of -k**4/3 - 5*k**3/6 + k - 97. Determine q(-2).
-6
Let s be ((-12)/(-18))/(5/(-30)*-2). Let w(o) = 42*o + s - 43*o - 124*o**2 + o**3 + 125*o**2. Give w(-2).
0
Let z(i) = -12*i**2 + i - 1. Let t = -31 - -43. Suppose -5*b = -28 - 17. Suppose t*m - 3 = b*m. What is z(m)?
-12
Let w = 345 - 348. Let z be (-11)/((-11)/w) - -4. Let p(i) = -i + 0 - 1 + 4*i. Calculate p(z).
2
Let u(b) = -b**2 - 13*b - 11. Suppose -67 = -s + 3*v + 103, 5*s + 5*v - 830 = 0. Let w = s - 178. Calculate u(w).
11
Let t(d) = -d**2 + 12*d + 4. Suppose -4*s = k - 20, s - 12 = -10. Give t(k).
4
Let x(u) = -u**2 + 14*u + 4451. Let k be x(-60). Let d(v) = 2*v**2 - 22*v - 32. Determine d(k).
-32
Let u(l) = -7*l + 11. Let p(g) = -9*g + 11. Let v(a) = -6*p(a) + 7*u(a). Let f(b) = 2 - 6 - 3 - 6*b - 4. Let q(z) = -3*f(z) - 4*v(z). What is q(-8)?
5
Let o(l) = -11*l - 105. Let k = -38812 + 38804. Give o(k).
-17
Suppose -3*w + 9 = -w + 3*o, 2*w - o - 13 = 0. Let z(a) = 8 + w + 3*a**2 - 2*a**2 + 10*a - 17 + 2. Give z(-8).
-17
Let g(d) = 2*d**2 + d + 1. Suppose 0 = 3*q + l - 16, -2*q + 12*l - 17*l = -41. What is g(q)?
22
Let m(t) = t**3 - 12*t**2 + 34*t + 6. Suppose 160*d + 225 = 205*d. What is m(d)?
1
Let u be 1*2 + 0/11. Let d be u/1*-1 + 4. Let w(l) = l**2 + 6*l**3 + 5 + l**2 + 3*l**d + 4*l - 7*l**3. Calculate w(6).
-7
Let v(q) = 22*q**2 - 14*q - 31. Let w(k) = -26*k**2 + 15*k + 33. Let s(p) = 6*v(p) + 5*w(p). Calculate s(6).
-3
Suppose -4*h - h = -35. Let p(d) be the second derivative of -d**3/6 + 2*d**2 + 121*d. Calculate p(h).
-3
Let s(q) = -q. Let n(v) be the first derivative of -v**3/3 - 13*v**2/2 - 9*v + 104. Let d(g) = n(g) - 6*s(g). Determine d(-6).
-3
Let x(g) be the first derivative of -g**5/10 + g**4/12 - g**3/2 + g**2 - 9*g - 49. Let h(b) be the first derivative of x(b). What is h(2)?
-16
Let z(h) = h - 1. Let x(p) = 2*p + 12. Let n(o) = x(o) - 3*z(o). Suppose -5*t + 2*l = -60, -21*t - l = -18*t - 36. Determine n(t).
3
Let d = 5 + -3. Let b(k) be the first derivative of -k**4/8 + 2*k**2 + 1. Let x(c) be the second derivative of b(c). Calculate x(d).
-6
Suppose 0 = -4*f + 24, 48 = 36*a - 33*a - f. Let g(y) = -y**3 + 17*y**2 + 17*y + 19. Determine g(a).
1
Let j(z) = -3 - z - 5*z + z - 8*z - 5*z. Determine j(2).
-39
Let x(f) = f - 54. Let v be x(47). Let z(i) = 9*i + 18. Give z(v).
-45
Let x(z) be the third